78. What is r(-53)?
3359
Let y(d) = 5*d**2 + 540*d - 476. Calculate y(-95).
-6651
Let y(r) = 5232*r - 336162. Determine y(64).
-1314
Let l(p) = -2*p**2 + 271*p - 945. Calculate l(131).
234
Let l(p) = -59*p**2 - 12951*p + 6387. Give l(-220).
7
Let i(y) = y**3 + 304*y**2 + 433*y + 39339. Calculate i(-303).
-51
Let y(f) = -f**3 - 99*f**2 + 26964*f + 442. Determine y(-221).
0
Let y(b) = -90*b - 1718. Determine y(-27).
712
Let w(a) = 38743*a - 1317257. Determine w(34).
5
Let c(r) = 1977*r - 23561. What is c(12)?
163
Let n(s) = -6*s**2 - 3063*s - 47499. Calculate n(-16).
-27
Let s(y) = -180*y + 45. Give s(-1).
225
Let b(n) = -n**3 - 9*n**2 + 4865*n + 14613. Calculate b(-3).
-36
Let p(z) = -48*z**2 + 193*z - 359. Give p(15).
-8264
Let s(u) = 18*u**2 - 828*u - 3497. What is s(50)?
103
Let d(a) = 22*a + 1968. Determine d(-90).
-12
Let h(y) = -3530*y + 155182. Determine h(44).
-138
Let i(d) = -d**2 + 185*d - 5284. Determine i(30).
-634
Let z(t) = -t**3 + 180*t**2 - 7618*t + 123. Calculate z(68).
-13
Let i(s) = 112064*s - 1232701. Determine i(11).
3
Let p(w) = -7*w**3 + 4*w**2 + 142*w + 392. Calculate p(-7).
1995
Let y(o) = -8585*o + 5571703. Calculate y(649).
38
Let n(o) = o**3 - 164*o**2 + 4610*o + 2. Determine n(128).
258
Let z(c) = -25271*c + 50300. What is z(2)?
-242
Let i(x) = -x**3 - 362*x**2 - 30547*x + 676. Determine i(-134).
6
Let g(b) = 9*b**3 - 386*b**2 + 78*b - 5205. Determine g(43).
-2
Let a(l) = -45*l**3 + 2*l**2 - 9*l - 6. Calculate a(-1).
50
Let i(c) = -16*c**3 + 752*c**2 - 141*c + 6635. Give i(47).
8
Let x(p) = -4*p**2 + 659*p - 5655. Give x(155).
390
Let w(y) = 78*y**2 + 184*y + 192. Calculate w(-1).
86
Let h(j) = 45*j**3 - 181*j**2 + 365*j + 8. Calculate h(2).
374
Let d(n) = -n**3 - 184*n**2 - 6067*n - 169. What is d(-141)?
395
Let c(n) = 3*n**3 - 5*n**2 + 2153*n - 8611. What is c(4)?
113
Let b(r) = 994172*r - 2. Calculate b(0).
-2
Let m(r) = -687*r**2 + 6196*r - 201. What is m(9)?
-84
Let o(c) = 1297*c - 258111. Give o(199).
-8
Let x(k) = -250595*k + 28066643. Determine x(112).
3
Let k(z) = -68*z**2 - 20330*z + 20997. What is k(-300)?
-3
Let r(j) = -418303*j + 836576. Give r(2).
-30
Let o(u) = 27742*u - 4993570. Determine o(180).
-10
Let o(f) = f**3 - 204*f**2 + 5360*f - 465. Determine o(173).
-984
Let r(f) = -40*f**3 - 48*f + 1. Determine r(0).
1
Let f(i) = i**2 + 146*i + 5645. Calculate f(-77).
332
Let k(d) = 3*d**3 - 467*d**2 + 627*d - 49140. Calculate k(155).
-5
Let x(r) = r**3 - 83*r**2 + 189*r + 4064. Calculate x(80).
-16
Let a(s) = -27*s**2 - 8066*s + 10202. What is a(-300)?
2
Let x(o) = -8*o**2 + 511*o + 676. Give x(65).
91
Let m(a) = 44*a**2 - 177*a - 418. Calculate m(6).
104
Let s(p) = -470*p - 62046. What is s(-133)?
464
Let w(s) = 18*s**2 - 1025*s - 1039. Calculate w(57).
-982
Let o(n) = 18*n**3 + 968*n**2 - 222*n - 278. Calculate o(-54).
46
Let v(w) = -1067*w + 15988. Calculate v(15).
-17
Let v(k) = -195949*k + 57021167. What is v(291)?
8
Let r(b) = -43*b**2 - 667*b - 1403. Determine r(-13).
1
Let r(g) = -454*g**2 - 24*g - 61. Calculate r(-1).
-491
Let y(f) = 106*f + 12090. Give y(-114).
6
Let n(l) = -13*l**3 + 196*l**2 - 6*l - 120. Determine n(15).
15
Let r(u) = -2*u**3 - 317*u**2 + 1158*u + 3887. Calculate r(-162).
-1
Let g(k) = k**3 + 172*k**2 - 4962*k - 877740. Give g(-171).
3
Let p(d) = -3810*d - 190497. What is p(-50)?
3
Let p(k) = 134*k**2 - 18916*k + 3132. Calculate p(141).
30
Let o(x) = -x**3 + 119*x**2 - 109*x - 1036. Give o(118).
26
Let u(d) = 6148*d**2 - 3211*d - 3213. What is u(-1)?
6146
Let x(h) = 2629*h - 8011. What is x(3)?
-124
Let u(k) = 3060*k + 309255. What is u(-101)?
195
Let a(j) = 28206*j + 761544. What is a(-27)?
-18
Let z(d) = 5*d**2 + 199*d - 11405. Determine z(35).
1685
Let b(r) = r**3 - 212*r**2 - 6465*r - 326. Determine b(-27).
-2
Let f(s) = 2691*s + 24101. Determine f(-9).
-118
Let h(n) = -15*n**3 - 321*n**2 + 82*n - 2582. Give h(-22).
-30
Let s(j) = -6*j**3 + 676*j**2 - 967*j + 291. Calculate s(1).
-6
Let m(n) = n**2 - 392*n + 3127. Calculate m(8).
55
Let m(x) = 246*x**2 - 2737*x + 35. Give m(11).
-306
Let i(a) = -11983*a - 47872. What is i(-4)?
60
Let k(n) = 5*n**2 + 1829*n + 135978. What is k(-262)?
0
Let d(o) = -21*o**3 + 6*o**2 - 70. Give d(-4).
1370
Let d(j) = j**3 + 838*j**2 + 28109*j + 23. Calculate d(-35).
-117
Let l(q) = 44555*q - 1915856. Calculate l(43).
9
Let a(t) = -t**3 - 101*t**2 - 2545*t - 304. Determine a(-47).
25
Let u(x) = 2*x**3 + 5*x**2 + 1032*x + 4189. Determine u(-4).
13
Let y(u) = 7*u - 617. Calculate y(56).
-225
Let p(v) = -23*v**2 - 325*v - 805. What is p(-11)?
-13
Let w(p) = -2*p**3 - 7*p**2 + 9*p + 1342. What is w(9)?
-602
Let i(o) = 2*o**3 + 5*o**2 - 116*o + 10. Determine i(-7).
381
Let p(l) = -36*l**2 - 973*l + 129. Give p(-27).
156
Let k(r) = r**2 - 2860*r - 5731. Calculate k(-2).
-7
Let d(b) = -b**3 + 23*b**2 + 26*b - 1. What is d(-6)?
887
Let n(c) = -15*c**3 + 2338*c**2 + 312*c + 19. Give n(156).
19
Let j(u) = -682*u - 9054. What is j(-13)?
-188
Let j(h) = h**3 + 66*h**2 + 76*h - 611. Determine j(8).
4733
Let n(j) = 1043*j - 5248. What is n(5)?
-33
Let y(v) = -v**2 - 125335*v - 1378560. Determine y(-11).
4
Let o(l) = 2*l**3 + 282*l**2 - 327*l - 6072. Give o(-142).
34
Let k(i) = -348*i**3 - 8*i**2 + 6*i + 9. Give k(2).
-2795
Let p(g) = 410789*g - 1232330. Give p(3).
37
Let c(z) = 116013*z - 1624156. Calculate c(14).
26
Let r(g) = 85*g**3 - g**2 + g - 2. Determine r(1).
83
Let z(i) = i**3 + 14*i**2 - 104*i - 1240. Determine z(-16).
-88
Let o(q) = 6*q**3 + 1227*q**2 - 674*q - 12093. Calculate o(-205).
2
Let m(r) = 63*r**2 + 413*r + 415. What is m(-5)?
-75
Let s(u) = -596*u - 2547. Calculate s(-4).
-163
Let r(b) = -b**3 + 108*b**2 + 1183*b - 378. Give r(118).
-24
Let z(n) = -3*n**3 - 282*n**2 + 1884*n - 92384. Determine z(-103).
7
Let c(i) = 15*i**2 - 215*i + 31. Determine c(0).
31
Let o(r) = 2*r**3 + 341*r**2 + 199*r + 4773. Determine o(-170).
-157
Let y(l) = 1638*l**2 - 32806*l + 922. Give y(20).
2
Let h(f) = 996*f + 54161. Determine h(-52).
2369
Let k(l) = 7*l**2 - 2967*l - 17960. Give k(-6).
94
Let u(v) = -66*v**3 - 404*v**2 + 30*v - 40. Determine u(-6).
-508
Let f(y) = -15295*y - 13780799. Determine f(-901).
-4
Let g(h) = -h**2 + 7751*h + 2222. Give g(0).
2222
Let n(z) = 11*z**2 + 54*z + 284. What is n(-5)?
289
Let x(y) = -y**2 + 190*y - 4387. Calculate x(26).
-123
Let u(r) = r**3 - 19*r**2 + 98*r - 47. What is u(11)?
63
Let a(b) = -b**2 + 275*b + 63028. Give a(-149).
-148
Let d(t) = -236022*t + 1180116. What is d(5)?
6
Let f(w) = 4297*w**2 - 339457*w - 485. Calculate f(79).
-11
Let i(h) = h**2 - 64*h - 1599. Calculate i(-20).
81
Let f(v) = 16575*v + 78. Calculate f(0).
78
Let i(l) = -321*l + 76707. What is i(239)?
-12
Let x(f) = -1904*f - 32393. What is x(-17)?
-25
Let x(a) = a**3 - 25*a**2 + 86*a + 446. What is x(10)?
-194
Let x(d) = -1561*d - 51567. Determine x(-33).
-54
Let f(v) = 8*v**2 + 2581*v + 92559. Determine f(-41).
186
Let n(c) = -206*c + 677. What is n(0)?
677
Let t(v) = 1754*v - 10447. Calculate t(6).
77
Let d(r) = r**3 - 30*r**2 - 85*r + 22. Calculate d(33).
484
Let z(m) = 218*m - 1985. Give z(8).
-241
Let g(z) = -15*z**3 - 8607*z**2 + 1714*z - 4603. Determine g(-574).
-11
Let x(k) = 5491*k + 5513. Calculate x(-1).
22
Let w(r) = 16529*r - 330814. Give w(20).
-234
Let g(f) = -7333*f - 95279. Calculate g(-13).
50
Let b(z) = -z**3 + 82*z**2 - 666*z + 80. Determine b(9).
-1
Let w(q) = -356*q**2 + 700*q + 22. Determine w(2).
-2
Let k(b) = -3*b**3 + 338*b**2 - 3263*b - 104. Determine k(102).
-2
Let h(d) = -7*d**2 - 3456*d + 83193. Calculate h(23).
2
Let z(c) = -12458*c - 485855. What is z(-39)?
7
Let i(c) = -7*c**3 - 74*c**2 + 160*c + 487. Give i(-12).
7
Let q(x) = -x**2 - 923*x + 93673. What is q(92)?
293
Let v(n) = -n**2 + 365*n - 12651. Give v(38).
-225
Let z(l) = 11*l**2 + 312*l + 1837. Give z(-20).
-3
Let x(r) = -2*r**3 + 13*r**2 + 119*r + 81. What is x(-7)?
571
Let j(t) = -t**2 + 5064*t - 50549. Give j(10).
-9
Let s(p) = 30*p**2 + 3607*p + 29896. What is s(-9)?
-137
Let f(w) = 1867*w + 31733. Give f(-17).
-6
Let n(k) = k**2 + 1686*k + 146934. Determine n(-94).
-2714
Let d(a) = 64*a**2 - 25*a + 32. Determine d(3).
533
Let m(b) = 2459*b - 1234. Give m(1).
1225
Let p(n) = 37177*n - 185738. Determine p(5).
147
Let j(r) = -154*r**3 - 16*r**2 